37 composite?
False
Is 5801797 prime?
True
Is 4287307 a composite number?
True
Is 78133 a composite number?
True
Is 611389 a composite number?
False
Is 83397247 a composite number?
False
Is 20838407 composite?
True
Is 11561465 a composite number?
True
Is 124213 prime?
True
Is 517978171 a composite number?
True
Is 488870939 composite?
False
Is 148171357 a prime number?
True
Is 3766901 a composite number?
True
Is 68225341 prime?
False
Is 13435403 a composite number?
True
Is 2796611 a composite number?
False
Is 91012133 prime?
True
Is 31567985 composite?
True
Is 341889 a composite number?
True
Is 445001 a composite number?
False
Is 19436509 a prime number?
False
Is 53325494 a prime number?
False
Is 2563903 composite?
True
Is 5288251 composite?
True
Is 1458461 composite?
False
Is 1325669 prime?
True
Is 5986049 a composite number?
True
Is 5247121 a prime number?
False
Is 4514273 prime?
True
Is 50580461 prime?
False
Is 3905989 a composite number?
True
Is 1342447 a composite number?
True
Is 81174349 a composite number?
False
Is 80854814 a prime number?
False
Is 17076461 a composite number?
True
Is 3851821 a prime number?
False
Is 8062169 a prime number?
True
Is 1268119 prime?
True
Is 572387 composite?
False
Is 20730781 composite?
False
Is 1356998 a prime number?
False
Is 2651539 a prime number?
False
Is 64741451 prime?
True
Is 3364331 composite?
True
Is 219333757 composite?
True
Is 10065773 a composite number?
True
Is 4049711 a prime number?
True
Is 86314919 a composite number?
False
Is 1011097 prime?
False
Is 228222343 a composite number?
False
Is 20400959 a composite number?
False
Is 368796917 prime?
False
Is 7780021 a composite number?
True
Is 73422593 composite?
True
Is 24455257 prime?
True
Is 2405449 a prime number?
False
Is 963973 prime?
True
Is 17223851 a prime number?
False
Is 10223743 composite?
True
Is 956115829 a composite number?
False
Is 97218577 composite?
True
Is 11977883 prime?
True
Is 66546473 composite?
True
Is 22432691 a prime number?
True
Is 11659213 composite?
True
Is 1531219 a composite number?
True
Is 13765793 a prime number?
False
Is 4230377 a prime number?
True
Is 8551871 composite?
False
Is 87287077 composite?
False
Is 678496363 a composite number?
False
Is 17668353 composite?
True
Is 74040413 a prime number?
True
Is 7852123 prime?
True
Is 3588163 a composite number?
False
Is 42520733 composite?
True
Is 10337861 composite?
True
Is 59315101 a composite number?
True
Is 846767 a prime number?
False
Is 998953 a prime number?
False
Is 236313797 composite?
False
Is 98981299 composite?
False
Is 437467 a prime number?
True
Is 1212187 a composite number?
False
Is 1841179 a composite number?
True
Is 16284473 prime?
False
Is 41255267 prime?
True
Is 5831174 prime?
False
Is 2134789 a prime number?
False
Is 25784489 a composite number?
False
Is 15976943 composite?
False
Is 137556361 a prime number?
True
Is 3884977 composite?
False
Is 100032229 a composite number?
True
Is 58830253 prime?
True
Is 130240087 prime?
True
Is 594397 a composite number?
False
Is 331801 a prime number?
True
Is 12078769 a composite number?
False
Is 125089873 composite?
True
Is 2726617 a composite number?
False
Is 2007851 composite?
False
Is 81420953 prime?
True
Is 129697 composite?
True
Is 1854047 a prime number?
False
Is 33043379 a prime number?
False
Is 8009081 prime?
True
Is 35640037 a composite number?
False
Is 3814729 a prime number?
True
Is 2902811 composite?
False
Is 90200797 composite?
False
Is 99212599 prime?
True
Is 2123203 a composite number?
False
Is 34620613 a prime number?
True
Is 41381 a composite number?
False
Is 1867469 composite?
False
Is 2864429 composite?
True
Is 590357 composite?
False
Is 138513877 a composite number?
True
Is 1069183459 a prime number?
False
Is 116230069 prime?
True
Is 12899401 a composite number?
True
Is 5652913 prime?
False
Is 812891 prime?
False
Is 309769 a composite number?
False
Is 10752047 prime?
True
Is 12750733 a composite number?
True
Is 24441853 a prime number?
True
Is 138349 composite?
False
Is 89910083 a prime number?
True
Is 29991331 a composite number?
True
Is 3460027 prime?
False
Is 3663293 a prime number?
True
Is 16689831 composite?
True
Is 1571477 prime?
True
Is 88843 composite?
False
Is 51564031 composite?
False
Is 18409243 prime?
False
Is 5616707 composite?
False
Is 1394083 prime?
True
Is 4627891 a prime number?
False
Is 2996191 prime?
False
Is 3041393 a prime number?
True
Is 14006687 composite?
True
Is 33196537 a composite number?
True
Is 255847 a composite number?
False
Is 145103539 composite?
True
Is 577819031 a prime number?
True
Is 224195393 prime?
True
Is 1685197 prime?
False
Is 40960705 composite?
True
Is 156994859 composite?
True
Is 193737939 composite?
True
Is 67105187 a prime number?
True
Is 241130437 a composite number?
False
Is 353346391 a composite number?
True
Is 366775553 prime?
True
Is 27023435 composite?
True
Is 7566709 prime?
False
Is 78124733 prime?
True
Is 1274989 a prime number?
True
Is 59076653 prime?
True
Is 49586626 a prime number?
False
Is 383760305 composite?
True
Is 77551237 prime?
False
Is 8038907 prime?
True
Is 329489 a composite number?
False
Is 8899571 composite?
False
Is 31388569 a prime number?
True
Is 6975347 a composite number?
True
Is 1760387 a prime number?
False
Is 9456017 prime?
True
Is 1199309 a composite number?
False
Is 72661217 a prime number?
True
Is 15407773 a prime number?
True
Is 8922701 prime?
True
Is 37832293 a prime number?
False
Is 696251 a prime number?
False
Is 689657 composite?
True
Is 9456847 a composite number?
False
Is 54157497 composite?
True
Is 109055999 composite?
True
Is 3293729 prime?
False
Is 4193179 composite?
True
Is 582680333 a prime number?
True
Is 1298371 composite?
False
Is 4081771 composite?
False
Is 574104121 a prime number?
True
Is 38986667 composite?
False
Is 14116019 prime?
True
Is 906839 prime?
True
Is 756487841 composite?
False
Is 15751187 prime?
False
Is 76075169 composite?
False
Is 57843035 prime?
False
Is 4889427 composite?
True
Is 5589511 a prime number?
True
Is 141374 a composite number?
True
Is 851749 a prime number?
True
Is 35292631 a prime number?
False
Is 73231573 prime?
True
Is 23359641 a composite number?
True
Is 41353691 a prime number?
True
Is 27113041 a composite number?
True
Is 285221 prime?
True
Is 10578613 prime?
True
Is 854084873 a prime number?
False
Is 9786947 a prime number?
False
Is 11123653 prime?
False
Is 491399 a composite number?
True
Is 1842719 prime?
True
Is 68485817 composite?
False
Is 1058639 prime?
True
Is 4247573 prime?
False
Is 71346265 prime?
False
Is 6571013 a composite number?
False
Is 744443 prime?
False
Is 17415103 prime?
True
Is 26841239 composite?
False
Is 1237441 composite?
False
Is 17171753 prime?
False
Is 11538619 composite?
True
Is 537779 a composite number?
True
Is 3591977 prime?
True
Is 41076817 a composite number?
False
Is 266392391 a prime number?
True
Is 51006181 composite?
False
Is 264467 prime?
False
Is 66897687 prime?
False
Is 35529071 a composite number?
True
Is 108711001 composite?
True
Is 99361229 a prime number?
False
Is 9192595 a prime number?
False
Is 6486551 a prime number?
False
Is 613037131 prime?
False
Is 4990999 a prime number?
False
Is 1672033 a composite number?
True
Is 1731649 a composite number?
True
Is 28157293 a prime number?
True
Is 12723907 composite?
True
Is 2212757 composite?
True
Is 3881987 composite?
False
Is 63721871 composite?
False
Is 15932591 a composite number?
False
Is 4928933 composite?
False
Is 6882763 a composite number?
True
Is 16707029 a prime number?
True
Is 514452566 a composite number?
True
Is 981683 prime?
True
Is 8186559 a composite number?
True
Is 15023434 a composite number?
True
Is 44417791 prime?
False
Is 3538747 a prime number?
True
Is 22844499 prime?
False
Is 3168097 a prime number?
True
Is 71457541 a composite number?
True
Is 18731519 a prime number?
False
Is 27380597 prime?
True
Is 11570873 a prime number?
False
Is 9712997 a composite number?
True
Is 6212231 prime?
False
Is 178461097 a composite number?
True
Is 6318061 a prime number?
True
Is 12334799 a prime number?
False
Is 33382837 composite?
False
Is 141551791 prime?
False
Is 77951933 composite?
True
Is 3959947 a prime number?
True
Is 2982898 a composite number?
True
Is 6690557 